ltiple of 1472?
True
Is 6325824 a multiple of 2103?
True
Is 996769765 a multiple of 3947?
False
Is 31 a factor of 94068322?
True
Is 1009788 a multiple of 144?
False
Is 585983040 a multiple of 8565?
True
Is 37 a factor of 5151564454?
False
Does 36 divide 391454424?
True
Is 4904010 a multiple of 27?
True
Is 5262534 a multiple of 314?
False
Is 2410263476 a multiple of 4364?
False
Does 406 divide 1289805066?
False
Does 711 divide 902258461?
False
Does 94 divide 221293940?
False
Is 343460290 a multiple of 15?
False
Does 2 divide 40905717?
False
Does 166 divide 87604438?
False
Is 341135652 a multiple of 5434?
True
Is 184261714 a multiple of 13?
True
Does 56 divide 13725208?
True
Does 108 divide 1445388527?
False
Does 29 divide 144178720?
True
Does 99 divide 140594157?
True
Does 14 divide 1142503782?
True
Is 12 a factor of 5239139?
False
Is 364 a factor of 179516644?
False
Is 1706270871 a multiple of 23?
False
Is 185 a factor of 1754073?
False
Does 32 divide 721517504?
True
Is 5 a factor of 391913316?
False
Is 76957125 a multiple of 1425?
True
Is 72 a factor of 102343392?
True
Does 37 divide 2090621?
False
Is 14 a factor of 1824260158?
True
Is 191022041 a multiple of 72?
False
Does 4 divide 28216751?
False
Is 31 a factor of 4400085192?
True
Does 1029 divide 13366710?
True
Is 99 a factor of 322292491?
False
Is 789627703 a multiple of 14?
False
Does 19 divide 12083001?
False
Is 371738444 a multiple of 604?
True
Is 1995 a factor of 3156764310?
True
Is 257 a factor of 763951477?
False
Is 1863151011 a multiple of 5583?
False
Does 885 divide 496719525?
True
Is 12 a factor of 23482260?
True
Is 46767042 a multiple of 717?
True
Does 84 divide 3264197361?
False
Is 86532864 a multiple of 64?
True
Does 19 divide 603005890?
False
Is 87 a factor of 31760916?
True
Does 52 divide 60947942?
False
Does 14 divide 11976176?
False
Is 2286326249 a multiple of 1129?
False
Is 665 a factor of 609867510?
True
Is 1328 a factor of 2013385001?
False
Is 282 a factor of 36634252?
False
Is 45505974 a multiple of 34?
True
Is 229 a factor of 521230106?
True
Is 4547178 a multiple of 18?
True
Is 218271708 a multiple of 151?
True
Is 2267267350 a multiple of 114?
False
Is 1217105840 a multiple of 532?
False
Is 1412880 a multiple of 174?
True
Is 19 a factor of 584704251?
False
Is 4703851763 a multiple of 624?
False
Is 61914204 a multiple of 1082?
True
Is 2370075 a multiple of 15?
True
Is 4 a factor of 18521072?
True
Does 14 divide 303475284?
True
Is 780480 a multiple of 320?
True
Is 1094 a factor of 125793590?
True
Does 118 divide 261722262?
False
Is 668492181 a multiple of 1197?
True
Does 136 divide 65940727?
False
Does 18 divide 5614807410?
True
Does 97 divide 247704236?
False
Does 508 divide 1266374?
False
Does 184 divide 7467857672?
True
Does 38 divide 27000444?
True
Is 210 a factor of 6427097?
False
Does 4 divide 66667335?
False
Is 12 a factor of 272264712?
True
Does 5077 divide 637610276?
True
Is 48400730 a multiple of 721?
True
Is 70239818 a multiple of 11?
True
Does 46 divide 2611807445?
False
Does 16 divide 2576034016?
True
Is 81092304 a multiple of 12?
True
Does 906 divide 127285752?
True
Is 221711813 a multiple of 610?
False
Is 3023083050 a multiple of 195?
True
Is 592 a factor of 183315760?
True
Is 1464 a factor of 46936940?
False
Is 3695376332 a multiple of 1249?
True
Is 33127559 a multiple of 3027?
False
Is 1232100 a multiple of 75?
True
Is 43440337 a multiple of 91?
False
Does 3096 divide 2064236328?
True
Is 109887322 a multiple of 1546?
False
Does 17 divide 411417?
True
Does 26 divide 3331472?
False
Does 14 divide 5373544605?
False
Does 186 divide 5726658?
False
Is 173 a factor of 4510110?
True
Is 307479676 a multiple of 809?
False
Is 1678 a factor of 57002021?
False
Does 813 divide 2389407?
True
Is 32567832 a multiple of 54?
True
Is 291 a factor of 71146575?
False
Is 5867 a factor of 113464026?
False
Is 88 a factor of 165387024?
True
Is 12 a factor of 2654266728?
True
Is 5161486064 a multiple of 336?
False
Is 17 a factor of 72024342?
True
Is 31391906 a multiple of 33?
False
Is 665646966 a multiple of 1230?
False
Is 2 a factor of 228379403?
False
Is 1456104837 a multiple of 1227?
False
Is 19381245 a multiple of 75?
False
Does 28 divide 528228852?
False
Is 38969638 a multiple of 596?
False
Is 2204 a factor of 572774061?
False
Is 1286856 a multiple of 80?
False
Does 28 divide 2041424?
True
Is 3978 a factor of 206346816?
True
Does 83 divide 3380009?
True
Is 404932826 a multiple of 27?
False
Does 2899 divide 61020?
False
Is 79935600 a multiple of 400?
True
Does 308 divide 23834888?
True
Is 29 a factor of 182937887?
True
Is 2297576292 a multiple of 3001?
False
Is 56421488 a multiple of 124?
True
Is 84904183 a multiple of 307?
False
Is 78 a factor of 93012352?
False
Is 84 a factor of 52865397?
False
Does 126 divide 1590425424?
True
Does 180 divide 405284220?
True
Does 185 divide 24374120?
True
Does 162 divide 19036458?
True
Is 86 a factor of 661634722?
True
Is 36 a factor of 1144303632?
True
Is 40634598 a multiple of 474?
True
Does 419 divide 121477737?
True
Does 59 divide 225359114?
True
Does 1870 divide 16663250?
False
Does 14 divide 23505333?
False
Is 59 a factor of 255111150?
False
Is 109 a factor of 36590101?
True
Is 600 a factor of 2186742949?
False
Does 58 divide 875176384?
True
Does 1161 divide 42474024?
True
Is 10535080 a multiple of 536?
True
Is 2089129887 a multiple of 46?
False
Does 16 divide 185275096?
False
Does 8 divide 553472976?
True
Is 6457 a factor of 14916351?
False
Is 22508804 a multiple of 758?
False
Is 15 a factor of 86890461?
False
Is 744026454 a multiple of 289?
True
Is 4 a factor of 145275368?
True
Is 21138350 a multiple of 10?
True
Is 43 a factor of 136686121?
True
Is 65 a factor of 211578835?
True
Is 8411082 a multiple of 6?
True
Does 85 divide 509754159?
False
Is 109268640 a multiple of 144?
True
Does 659 divide 36782744?
True
Is 71 a factor of 7998688?
False
Is 2128 a factor of 1454813584?
True
Is 37102485 a multiple of 3?
True
Is 68222935 a multiple of 1123?
False
Is 1772108497 a multiple of 1524?
False
Is 27126801 a multiple of 1339?
True
Is 1294433154 a multiple of 17?
False
Is 623 a factor of 161403644?
False
Is 111 a factor of 231024522?
True
Is 855154886 a multiple of 8?
False
Does 15 divide 21458745?
True
Is 95 a factor of 15610970?
True
Is 2822 a factor of 86217632?
False
Is 131605300 a multiple of 740?
True
Is 13 a factor of 76066900?
True
Is 4098 a factor of 294170832?
True
Does 8069 divide 127062866?
False
Is 3383 a factor of 88255704?
True
Does 97 divide 87427943?
True
Does 261 divide 77293062?
True
Does 534 divide 1214286957?
False
Does 6 divide 76448412?
True
Is 6816899853 a multiple of 17?
True
Is 3 a factor of 90433303?
False
Is 79 a factor of 267157263?
False
Does 55 divide 308595650?
True
Does 97 divide 53490262?
True
Is 103 a factor of 10936128?
True
Does 3206 divide 688485294?
True
Is 105269861 a multiple of 122?
False
Is 15 a factor of 236346690?
True
Does 46 divide 1006059514?
True
Does 23 divide 8374416?
False
Does 72 divide 311446400?
False
Does 284 divide 168925472?
True
Does 8 divide 112427211?
False
Is 18 a factor of 9299873?
False
Does 959 divide 3711742?
False
Is 32440933 a multiple of 7?
True
Is 13293600 a multiple of 928?
True
Is 3 a factor of 3001630?
False
Is 101 a factor of 55132989?
False
Is 139 a factor of 93286089?
False
Is 87 a factor of 20165830?
False
Is 61966699 a multiple of 4?
False
Is 15 a factor of 8270419320?
True
Does 386 divide 8230298?
False
Does 41 divide 740570782?
True
Is 480 a factor of 41521017?
False
Does 409 divide 2741527?
True
Is 1694815 a multiple of 4?
False
Is 5793014231 a multiple of 17?
True
Is 189 a factor of 6814962?
True
Does 2161 divide 1398288016?
True
Does 24 divide 4008273376?
False
Does 764 divide 130921456?
False
Is 990040678 a multiple of 5?
False
Does 45 divide 1817010?
True
Does 48 divide 465963242?
False
Is 307 a factor of 8984969?
True
Does 566 divide 174699296?
True
Is 487 a factor of 85536680?
True
Does 198 divide 29492162?
False
Is 46 a factor of 452901563?
False
Does 132 divide 972104974?
False
Does 278 divide 5820618?
False
Is 55 a factor of 3712802115?
True
Does 9 divide 38874291?
False
Is 6541626385 a multiple of 11?
False
Is 1280100203 a multiple of 1578?
False